o = f + 13. Calculate the greatest common factor of o and i.
12
Let l(o) = 42*o. Let y be l(5). Suppose 2*s + y = 4*s. Suppose -m + 4*k = 4*m - 91, k = -2*m + 26. What is the greatest common divisor of s and m?
15
Let o = 130 + -44. Calculate the greatest common factor of o and 215.
43
Let h = -9 + 11. Let s = 2 - 1. Calculate the greatest common divisor of h and s.
1
Let d be (-9)/21*2*-77. What is the highest common factor of d and 6?
6
Let h = 9 + 1. Suppose l - h = -l. Suppose -5*j + 8 + 6 = -s, 5*s - j = 2. What is the greatest common divisor of l and s?
1
Let n(b) = 3*b**2 - b. Let g be n(1). Let d = g - 4. Let m be 2/((8/(-26))/d). Calculate the greatest common factor of 39 and m.
13
Let c be 2/4 - (-14)/4. Let h be 5/((-12)/(-40) - 3/(-15)). What is the highest common factor of c and h?
2
Let j = 65 - 23. What is the highest common divisor of 21 and j?
21
Suppose 378 = 2*k - 0*k. Let o = 45 + -24. What is the greatest common divisor of o and k?
21
Suppose -4*z + 305 = z. Calculate the greatest common divisor of z and 61.
61
Suppose 75 = 3*l - 15. Let k = l - 20. Calculate the greatest common factor of k and 25.
5
Let c(h) = h**2 + 4*h - 2. Let m be c(-7). What is the greatest common factor of m and 19?
19
Let z be 6/((-6)/(-2)) + 148. Suppose 0 = -g - 2*g + z. What is the greatest common factor of 10 and g?
10
Suppose p = -2*p - 5*n + 337, -4*p + 2*n = -484. What is the highest common factor of p and 17?
17
Let o(v) = -5*v + 20. Let m be o(-14). Calculate the highest common factor of m and 36.
18
Let o(t) = -5*t + 8. Let j be o(-4). Let f be j + (-4 - -8) + -4. What is the greatest common divisor of f and 70?
14
Let t be (1 + (-44)/(-16))*32/3. Calculate the greatest common factor of 360 and t.
40
Suppose 0 = -3*h - 4*l - 2, 2*h + 4*l + 0*l + 4 = 0. Let c be (-1)/h - 15/(-10). Let z be (24/14)/(c/7). What is the greatest common divisor of z and 48?
12
Suppose 4*c + 0*c = 20. Suppose -c*u + 37 = -8. Suppose 4*z = g - 32, g - 2*z - 3*z = 31. Calculate the greatest common factor of g and u.
9
Suppose 0 = -z - 0*z. Suppose -4*f - 12 = -2*b, z = 5*b - 5*f - 2 - 23. What is the highest common divisor of b and 10?
2
Suppose 0 = -3*b + 63 + 69. What is the greatest common divisor of 4 and b?
4
Let c be ((-165)/25 - -7)/(1/30). Calculate the greatest common divisor of 20 and c.
4
Let s(t) = -t**2 + 11*t - 6. Let k be s(4). What is the highest common factor of 66 and k?
22
Let q(u) = -13*u - 1. Let p(z) = 13*z + 1. Let l(m) = 5*p(m) + 6*q(m). Let y be l(-1). Calculate the greatest common factor of 132 and y.
12
Let i(s) = 22*s**2 - s + 1. Let c be i(1). Suppose 2*w + 2*w = 352. What is the highest common divisor of w and c?
22
Let f be 10/(0 - -2) + -2. Suppose -2*i = -4*h + 54, -2*h - h = f*i - 27. Calculate the greatest common divisor of h and 4.
4
Suppose 56 = 4*t - 124. Calculate the highest common factor of 9 and t.
9
Suppose 3*g - 124 = -4. Suppose 0 = -2*w - 3*w + 75. Let h be w/(-2)*(-4)/3. What is the highest common factor of h and g?
10
Let l(b) = 2*b - b + 3 + 4. Let y be l(5). What is the greatest common divisor of 36 and y?
12
Suppose 0*k = 2*v + 5*k - 125, -5*v + 2*k = -298. What is the highest common divisor of 210 and v?
30
Suppose -2*c = -5*r + 26, -4*c - 2*r - 7 = -3. Let y be (-1)/c - 102/(-18). Let p be 1*22*12/y. What is the greatest common factor of p and 66?
22
Let a(i) = i - 3*i + 10*i - 2. Let f be a(2). What is the greatest common factor of 21 and f?
7
Let u(b) = 23*b - 1. Let g be u(2). Let p = g + 36. What is the greatest common factor of 27 and p?
27
Suppose 12 = 2*j + 2. Let z = j - 1. Calculate the highest common factor of 28 and z.
4
Let o(j) = 55*j**3 - 2*j**2 + 1. Let w be o(-1). Let g = w + 97. Suppose g = 4*b - 3*t, -2*b + t = -14 - 7. What is the highest common factor of 77 and b?
11
Let r = -9 - -14. Suppose -4*b + 12 = -4. Suppose 11 = 3*o + r*p, o = -b*o + 3*p + 75. Calculate the greatest common factor of 6 and o.
6
Suppose -7*c + 150 = 2*b - 4*c, 2*c = 0. Let i(v) = -2*v + 3. Suppose 0 = 6*w - w + 30. Let d be i(w). What is the greatest common factor of b and d?
15
Suppose 4*v = v + 60. Calculate the highest common divisor of 8 and v.
4
Let l(a) = -a**3 + 5*a**2 - 2*a + 2. Let v be l(2). Suppose -o + 159 = 2*o. Let c = o - 28. What is the greatest common divisor of v and c?
5
Let g(d) = -6*d + 5 + 2*d + 1 + d**2 - 2*d. Let p be g(6). Suppose 4*v = -3*b + p*b - 7, -5*b - 2*v = -55. Calculate the highest common divisor of 63 and b.
9
Let v be (40/(-16))/(1/(-14)). Let w be ((-6)/(-21))/(5/v). Suppose w*d - 130 = -3*d. What is the greatest common divisor of 65 and d?
13
Let r = 15 - -2. Let c = -3 + r. Suppose -3*i = -0*i - 168. What is the greatest common divisor of i and c?
14
Suppose 2*q - 3 = 13. Calculate the highest common divisor of q and 40.
8
Let h(b) = 3*b**3 + b**2 + 3*b - 2. Let s be h(2). What is the greatest common divisor of s and 48?
16
Suppose -14*g - 10 = -15*g. Calculate the highest common factor of g and 4.
2
Let x(d) = d**2 + d + 2. Let t be x(2). Suppose 23 = y + 5*w, -2*y + 13 = 3*w - 12. What is the greatest common divisor of t and y?
8
Let a be 0 + -2 + 17 + -2. Suppose -14*h + 15*h = 13. What is the greatest common divisor of h and a?
13
Let i = -98 + 154. Suppose l = -l + i. Suppose -22 - l = -5*h. Calculate the highest common factor of 20 and h.
10
Suppose -3*o = 5*s + 95, -3*o - 73 = 3*s + s. Let v = -13 - s. What is the highest common factor of 99 and v?
9
Let s be 1/(2/(-4)) - 5. Let k = s - -43. Calculate the greatest common factor of k and 90.
18
Suppose -4*b + 3*v - 6 + 33 = 0, 5*b + 3*v = 54. Let t = -18 - -27. Calculate the highest common factor of t and b.
9
Let o be ((-3)/((-27)/(-6)))/((-3)/126). Calculate the highest common divisor of 12 and o.
4
Let i = -1 - -1. Suppose i = r - 210 + 42. What is the greatest common divisor of r and 21?
21
Suppose -5*h + 6*o = 3*o - 54, 21 = 3*h + 2*o. What is the greatest common divisor of 9 and h?
9
Suppose -2*o = y - 65, o = -2*y + 5*y + 36. Let t be o/12 + 1/4. Suppose 5*d - 3*j + 8*j = 220, -6 = -t*j. What is the greatest common divisor of 28 and d?
14
Suppose 17*w - 16*w = 72. Calculate the highest common divisor of w and 8.
8
Let b(c) = -c**3 - 7*c**2 - 2*c + 6. Let h be b(-7). What is the greatest common divisor of h and 8?
4
Let d = -279 + 432. Let f = 65 - 33. Let l = -15 + f. What is the greatest common factor of l and d?
17
Let l(r) = -r**2 - 11*r + 4. Let c be l(-11). What is the highest common factor of c and 36?
4
Let o = 164 - 148. Calculate the greatest common divisor of o and 208.
16
Let s = 186 - 131. What is the highest common factor of 5 and s?
5
Let p be 1 - (-9)/(54/168). Calculate the greatest common divisor of 319 and p.
29
Let g be (22/(-8) - 1)/(3/(-8)). Suppose -t - 37 = -0*z - 2*z, 5*z - 5*t - 85 = 0. Calculate the highest common divisor of z and g.
10
Let k(j) = -5*j**3 + 2*j**2 - 5*j + 2. Let l be k(-3). Suppose 4*h = -0*h + 68. What is the highest common divisor of l and h?
17
Let l be 0 + 0 - (2 - 56). Suppose -3*i + 2*i + 14 = 3*x, x + 10 = -4*i. What is the greatest common divisor of x and l?
6
Let f(k) be the third derivative of -k**5/30 + 17*k**4/24 + 5*k**3/6 - 7*k**2. Let n be f(8). Calculate the highest common factor of 65 and n.
13
Let u be (10 + -18)/(1/(-3)). Calculate the highest common factor of u and 3.
3
Let t(g) = g**3 - 15*g**2 + 15*g - 7. Let o(n) = -2*n - 12. Let a be o(-13). Let r be t(a). Calculate the highest common divisor of 7 and r.
7
Let k be 6/45 + (-118)/(-15). What is the highest common factor of 8 and k?
8
Let z = 24 + -21. Suppose 0 = 3*i - 4*v + 11, -5*i - z*v + 24 = -2*i. What is the highest common factor of i and 3?
3
Let a = 10 - 6. Suppose 0*l + 4*l = 20. Suppose -44 = -4*k + 2*m, 0 = 2*k - l*m + 5 - 19. Calculate the highest common divisor of a and k.
4
Let b = -2 - -9. Let l = -6 + 27. What is the highest common divisor of l and b?
7
Suppose -2*w - 30 = w. Let z be w/(-20)*(1 + 31). Let m(t) = 2*t**3 - 4*t**2 + 2*t. Let y be m(2). What is the highest common factor of z and y?
4
Suppose 4*b = 4*w + 66 + 6, -3*b + 5*w + 46 = 0. Let m = 61 - b. Let s be 1 + 2 + -2 + m. What is the greatest common factor of 8 and s?
8
Let s(p) = p + 77. Let z be s(0). Calculate the 